nder when 357 is divided by 72.
69
Calculate the remainder when 601 is divided by 55.
51
What is the remainder when 388 is divided by 200?
188
What is the remainder when 34154 is divided by 135?
134
What is the remainder when 785 is divided by 85?
20
Calculate the remainder when 111 is divided by 29.
24
What is the remainder when 3038 is divided by 60?
38
What is the remainder when 77 is divided by 38?
1
What is the remainder when 1059 is divided by 44?
3
Calculate the remainder when 270 is divided by 68.
66
Calculate the remainder when 194 is divided by 20.
14
Calculate the remainder when 99 is divided by 22.
11
What is the remainder when 187 is divided by 8?
3
Calculate the remainder when 1801 is divided by 44.
41
What is the remainder when 49 is divided by 6?
1
What is the remainder when 572 is divided by 82?
80
What is the remainder when 38415 is divided by 57?
54
What is the remainder when 9982 is divided by 156?
154
What is the remainder when 234 is divided by 6?
0
Calculate the remainder when 87 is divided by 24.
15
Calculate the remainder when 350 is divided by 93.
71
What is the remainder when 149 is divided by 67?
15
Calculate the remainder when 189 is divided by 12.
9
Calculate the remainder when 3476 is divided by 15.
11
Calculate the remainder when 21 is divided by 15.
6
Calculate the remainder when 62 is divided by 6.
2
Calculate the remainder when 980 is divided by 121.
12
What is the remainder when 828 is divided by 92?
0
What is the remainder when 3061 is divided by 14?
9
Calculate the remainder when 264 is divided by 7.
5
What is the remainder when 237 is divided by 101?
35
Calculate the remainder when 139 is divided by 43.
10
What is the remainder when 744 is divided by 187?
183
What is the remainder when 285 is divided by 38?
19
Calculate the remainder when 1180 is divided by 27.
19
What is the remainder when 502 is divided by 18?
16
Calculate the remainder when 1132 is divided by 6.
4
What is the remainder when 381 is divided by 12?
9
What is the remainder when 3610 is divided by 1200?
10
Calculate the remainder when 61 is divided by 31.
30
What is the remainder when 2906 is divided by 224?
218
Calculate the remainder when 16 is divided by 3.
1
Calculate the remainder when 289 is divided by 97.
95
What is the remainder when 117 is divided by 12?
9
What is the remainder when 1631 is divided by 183?
167
Calculate the remainder when 421 is divided by 33.
25
Calculate the remainder when 161 is divided by 81.
80
Calculate the remainder when 729 is divided by 88.
25
Calculate the remainder when 2020 is divided by 2.
0
What is the remainder when 1444 is divided by 462?
58
Calculate the remainder when 130 is divided by 65.
0
Calculate the remainder when 89 is divided by 14.
5
What is the remainder when 463 is divided by 6?
1
What is the remainder when 903 is divided by 297?
12
Calculate the remainder when 109 is divided by 30.
19
What is the remainder when 275 is divided by 32?
19
Calculate the remainder when 264 is divided by 38.
36
What is the remainder when 542 is divided by 27?
2
What is the remainder when 500 is divided by 36?
32
What is the remainder when 320 is divided by 6?
2
What is the remainder when 1677 is divided by 16?
13
Calculate the remainder when 82 is divided by 44.
38
What is the remainder when 503 is divided by 18?
17
What is the remainder when 26484 is divided by 19?
17
Calculate the remainder when 77 is divided by 5.
2
Calculate the remainder when 858 is divided by 428.
2
Calculate the remainder when 5 is divided by 5.
0
What is the remainder when 155 is divided by 149?
6
What is the remainder when 65 is divided by 23?
19
What is the remainder when 832 is divided by 7?
6
Calculate the remainder when 10536 is divided by 20.
16
What is the remainder when 145 is divided by 4?
1
What is the remainder when 190 is divided by 28?
22
Calculate the remainder when 135 is divided by 51.
33
Calculate the remainder when 725 is divided by 182.
179
What is the remainder when 6 is divided by 2?
0
What is the remainder when 1337 is divided by 37?
5
What is the remainder when 23 is divided by 21?
2
Calculate the remainder when 3206 is divided by 63.
56
What is the remainder when 462 is divided by 76?
6
What is the remainder when 545 is divided by 247?
51
Calculate the remainder when 180 is divided by 144.
36
What is the remainder when 52 is divided by 29?
23
What is the remainder when 170 is divided by 86?
84
What is the remainder when 190 is divided by 45?
10
What is the remainder when 299 is divided by 204?
95
What is the remainder when 297 is divided by 89?
30
What is the remainder when 8359 is divided by 19?
18
What is the remainder when 4103 is divided by 108?
107
What is the remainder when 838 is divided by 263?
49
What is the remainder when 610 is divided by 17?
15
What is the remainder when 670 is divided by 68?
58
What is the remainder when 2382 is divided by 298?
296
What is the remainder when 385 is divided by 18?
7
What is the remainder when 699 is divided by 344?
11
Calculate the remainder when 25 is divided by 12.
1
What is the remainder when 211 is divided by 53?
52
What is the remainder when 475 is divided by 119?
118
What is the remainder when 311 is divided by 64?
55
Calculate the remainder when 458 is divided by 20.
18
Calculate the remainder when 167 is divided by 14.
13
What is the remainder when 112 is divided by 66?
46
What is the remainder when 2698 is divided by 226?
212
What is the remainder when 1404 is divided by 92?
24
What is the remainder when 3849 is divided by 50?
49
Calculate the remainder when 284 is divided by 26.
24
Calculate the remainder when 349 is divided by 124.
101
Calculate the remainder when 2224 is divided by 21.
19
Calculate the remainder when 18592 is divided by 3.
1
Calculate the remainder when 876 is divided by 224.
204
Calculate the remainder when 522 is divided by 133.
123
What is the remainder when 35 is divided by 22?
13
Calculate the remainder when 112 is divided by 69.
43
What is the remainder when 575 is divided by 72?
71
Calculate the remainder when 6044 is divided by 1.
0
Calculate the remainder when 1931 is divided by 20.
11
Calculate the remainder when 457 is divided by 14.
9
Calculate the remainder when 1781 is divided by 77.
10
What is the remainder when 173 is divided by 79?
15
Calculate the remainder when 1132 is divided by 15.
7
Calculate the remainder when 1085 is divided by 68.
65
What is the remainder when 3476 is divided by 7?
4
What is the remainder when 58 is divided by 23?
12
Calculate the remainder when 2207 is divided by 33.
29
Calculate the remainder when 153 is divided by 77.
76
Calculate the remainder when 307 is divided by 141.
25
Calculate the remainder when 1579 is divided by 506.
61
What is the remainder when 58 is divided by 6?
4
What is the remainder when 332 is divided by 6?
2
What is the remainder when 113 is divided by 28?
1
What is the remainder when 5012 is divided by 29?
24
What is the remainder when 4200 is divided by 108?
96
What is the remainder when 178 is divided by 171?
7
Calculate the remainder when 2361 is divided by 84.
9
Calculate the remainder when 74 is divided by 30.
14
What is the remainder when 5325 is divided by 144?
141
What is the remainder when 4218 is divided by 247?
19
Calculate the remainder when 1191 is divided by 75.
66
Calculate the remainder when 1585 is divided by 178.
161
What is the remainder when 157 is divided by 32?
29
Calculate the remainder when 463 is divided by 98.
71
What is the remainder when 2212 is divided by 27?
25
Calculate the remainder when 623 is divided by 11.
7
Calculate the remainder when 157 is divided by 42.
31
What is the remainder when 296 is divided by 77?
65
What is the remainder when 14694 is divided by 44?
42
Calculate the remainder when 109 is divided by 3.
1
Calculate the remainder when 428 is divided by 11.
10
What is the remainder when 1070 is divided by 268?
266
Calculate the remainder when 68 is divided by 6.
2
Calculate the remainder when 319 is divided by 98.
25
Calculate the remainder when 993 is divided by 246.
9
Calculate the remainder when 61 is divided by 29.
3
What is the remainder when 257 is divided by 88?
81
What is the remainder when 9636 is divided by 23?
22
